{"id":97,"date":"2025-04-15T16:12:26","date_gmt":"2025-04-15T16:12:26","guid":{"rendered":"http:\/\/rionesansilvestro.it\/?page_id=97"},"modified":"2025-04-30T09:06:42","modified_gmt":"2025-04-30T09:06:42","slug":"home-page","status":"publish","type":"page","link":"https:\/\/rionesansilvestro.it\/","title":{"rendered":"Home"},"content":{"rendered":"\r\n<p class=\"wp-block-paragraph\"><span style=\"font-family: tahoma, arial, helvetica, sans-serif; font-size: 14px; color: #0000ff;\">Ultimi articoli pubblicati nella sezione NEWS:<\/span><\/p>\r\n\r\n\r\n\r\n<div class=\"wp-block-columns is-layout-flex wp-container-core-columns-is-layout-8f761849 wp-block-columns-is-layout-flex\">\r\n<div class=\"wp-block-column has-black-color has-white-background-color has-text-color has-background has-link-color wp-elements-6dfd2610bcee921b31ada2fe6fd584bb is-layout-flow wp-block-column-is-layout-flow\" style=\"flex-basis: 100%;\"><ul class=\"wp-block-latest-posts__list is-grid columns-3 has-dates has-link-color .wp-block-latest-posts.is-grid {   display: grid;   grid-template-columns: repeat(3, 1fr);   gap: 20px; }  .wp-block-latest-posts__featured-image img {   width: 100%;   height: 150px;   object-fit: cover;   border-radius: 8px;   box-shadow: 0 2px 10px rgba(0,0,0,0.1); }  .wp-block-latest-posts__post-title {   text-align: center;   margin-top: 10px;   font-size: 16px;   font-weight: bold; } wp-elements-55ade0a9ed5430000f921fda6e0ccdc8 wp-block-latest-posts has-text-color has-black-color has-background has-white-background-color\"><li><div class=\"wp-block-latest-posts__featured-image aligncenter\"><img fetchpriority=\"high\" decoding=\"async\" width=\"300\" height=\"185\" src=\"https:\/\/rionesansilvestro.it\/wp-content\/uploads\/2025\/04\/344534569_250764557511667_7199983405136158092_n-e1745169699200-300x185.jpg\" class=\"attachment-medium size-medium wp-post-image\" alt=\"\" style=\"max-width:150px;max-height:150px;\" srcset=\"https:\/\/rionesansilvestro.it\/wp-content\/uploads\/2025\/04\/344534569_250764557511667_7199983405136158092_n-e1745169699200-300x185.jpg 300w, https:\/\/rionesansilvestro.it\/wp-content\/uploads\/2025\/04\/344534569_250764557511667_7199983405136158092_n-e1745169699200-768x473.jpg 768w, https:\/\/rionesansilvestro.it\/wp-content\/uploads\/2025\/04\/344534569_250764557511667_7199983405136158092_n-e1745169699200.jpg 1024w\" sizes=\"(max-width: 300px) 100vw, 300px\" \/><\/div><a class=\"wp-block-latest-posts__post-title\" href=\"https:\/\/rionesansilvestro.it\/?p=516\">Stima del Palio &#8211; 3 maggio 2024<\/a><time datetime=\"2025-04-20T16:08:10+00:00\" class=\"wp-block-latest-posts__post-date\">20 Aprile 2025<\/time><\/li>\n<li><div class=\"wp-block-latest-posts__featured-image aligncenter\"><img decoding=\"async\" width=\"300\" height=\"214\" src=\"https:\/\/rionesansilvestro.it\/wp-content\/uploads\/2024\/10\/dami-1-qv4uj55q67b95dtwn3uucxsx5n5p9nmgjns1tbdkzs-1-300x214.jpg\" class=\"attachment-medium size-medium wp-post-image\" alt=\"\" style=\"max-width:150px;max-height:150px;\" srcset=\"https:\/\/rionesansilvestro.it\/wp-content\/uploads\/2024\/10\/dami-1-qv4uj55q67b95dtwn3uucxsx5n5p9nmgjns1tbdkzs-1-300x214.jpg 300w, https:\/\/rionesansilvestro.it\/wp-content\/uploads\/2024\/10\/dami-1-qv4uj55q67b95dtwn3uucxsx5n5p9nmgjns1tbdkzs-1.jpg 700w\" sizes=\"(max-width: 300px) 100vw, 300px\" \/><\/div><a class=\"wp-block-latest-posts__post-title\" href=\"https:\/\/rionesansilvestro.it\/?p=467\">Serena Zimolo Damigella del Palio<\/a><time datetime=\"2024-10-20T09:56:10+00:00\" class=\"wp-block-latest-posts__post-date\">20 Ottobre 2024<\/time><\/li>\n<\/ul>\r\n\r\n<hr class=\"wp-block-separator has-alpha-channel-opacity\" \/><\/div>\r\n<\/div>\r\n\r\n\r\n\r\n<h2 class=\"wp-block-heading\"><span style=\"color: #ff0000;\">Oro e Argento. Tradizione, Nobilt\u00e0, Passione.<\/span><\/h2>\r\n\r\n\r\n<div class=\"wp-block-image\">\r\n<figure class=\"alignleft size-medium is-resized\"><img decoding=\"async\" width=\"300\" height=\"300\" class=\"wp-image-274\" style=\"width: 141px; height: auto;\" src=\"https:\/\/rionesansilvestro.it\/wp-content\/uploads\/2025\/04\/stemma-rione-san-silvestro-palio-asti-300x300.png\" alt=\"\" srcset=\"https:\/\/rionesansilvestro.it\/wp-content\/uploads\/2025\/04\/stemma-rione-san-silvestro-palio-asti-300x300.png 300w, https:\/\/rionesansilvestro.it\/wp-content\/uploads\/2025\/04\/stemma-rione-san-silvestro-palio-asti-150x150.png 150w, https:\/\/rionesansilvestro.it\/wp-content\/uploads\/2025\/04\/stemma-rione-san-silvestro-palio-asti.png 336w\" sizes=\"(max-width: 300px) 100vw, 300px\" \/><\/figure>\r\n<\/div>\r\n\r\n\r\n<p class=\"wp-block-paragraph\">Il <strong>Rione San Silvestro<\/strong> \u00e8 uno dei pi\u00f9 antichi e prestigiosi rioni della citt\u00e0 di <strong>Asti<\/strong>, protagonista indiscusso del <strong>Palio<\/strong> e custode di un\u2019eredit\u00e0 storica millenaria. Situato nel cuore del centro storico, attorno alla suggestiva <strong>chiesa di San Silvestro<\/strong>, il rione \u00e8 riconoscibile per i suoi <strong>colori oro e argento<\/strong>, simbolo di nobilt\u00e0 e spiritualit\u00e0, e per un&#8217;identit\u00e0 forte che unisce passato e presente.<\/p>\r\n\r\n\r\n\r\n<h2 class=\"wp-block-heading\"><span style=\"color: #ff0000;\">Storia e Simboli<\/span><\/h2>\r\n\r\n\r\n\r\n<p class=\"wp-block-paragraph\"><img loading=\"lazy\" decoding=\"async\" class=\"size-medium wp-image-282 alignright\" src=\"https:\/\/rionesansilvestro.it\/wp-content\/uploads\/2025\/04\/Milano-Biscione-stemma-milanoincontemporanea-728x300-1-300x124.jpg\" alt=\"\" width=\"300\" height=\"124\" srcset=\"https:\/\/rionesansilvestro.it\/wp-content\/uploads\/2025\/04\/Milano-Biscione-stemma-milanoincontemporanea-728x300-1-300x124.jpg 300w, https:\/\/rionesansilvestro.it\/wp-content\/uploads\/2025\/04\/Milano-Biscione-stemma-milanoincontemporanea-728x300-1.jpg 728w\" sizes=\"(max-width: 300px) 100vw, 300px\" \/>Il nome del rione proviene dalla chiesa romanica dedicata a <strong>San Silvestro<\/strong>, risalente all\u2019XI secolo. Le sue origini si intrecciano con quelle della citt\u00e0 stessa, dai primi insediamenti romani all\u2019epoca medievale, quando la zona era nota come \u201c<strong>Castelvecchio<\/strong>\u201d, cuore dell\u2019Asti pi\u00f9 antica.\u00a0 <span style=\"font-size: 1rem;\">Il vessillo del Rione \u00e8 ricco di significato: vi compaiono il <\/span><strong style=\"font-size: 1rem;\">biscione visconteo<\/strong><span style=\"font-size: 1rem;\"> e i <\/span><strong style=\"font-size: 1rem;\">gigli reali di Francia<\/strong><span style=\"font-size: 1rem;\">, a ricordo dell\u2019ospitalit\u00e0 offerta nel Medioevo a <\/span><strong style=\"font-size: 1rem;\">Gian Ga<\/strong><strong style=\"font-size: 1rem;\">leazzo Visconti<\/strong><span style=\"font-size: 1rem;\"> e a sua figlia <\/span><strong style=\"font-size: 1rem;\">Valentina<\/strong><span style=\"font-size: 1rem;\">, cognata del re di Francia Carlo VI.<\/span><\/p>\r\n<p>&nbsp;<\/p>\r\n<p>\r\n\r\n<\/p>\r\n<h2 class=\"wp-block-heading\"><span style=\"color: #ff0000;\">Protagonista del Palio<\/span><\/h2>\r\n<p>\r\n\r\n<style>.kb-image97_6954fd-51.kb-image-is-ratio-size, .kb-image97_6954fd-51 .kb-image-is-ratio-size{max-width:248px;width:100%;}.wp-block-kadence-column > .kt-inside-inner-col > .kb-image97_6954fd-51.kb-image-is-ratio-size, .wp-block-kadence-column > .kt-inside-inner-col > .kb-image97_6954fd-51 .kb-image-is-ratio-size{align-self:unset;}.kb-image97_6954fd-51 figure{max-width:248px;}.kb-image97_6954fd-51 .image-is-svg, .kb-image97_6954fd-51 .image-is-svg img{width:100%;}.kb-image97_6954fd-51 .kb-image-has-overlay:after{opacity:0.3;}<\/style><\/p>\r\n<div class=\"wp-block-kadence-image kb-image97_6954fd-51\">\r\n<figure class=\"alignleft size-full\"><img loading=\"lazy\" decoding=\"async\" class=\"kb-img wp-image-283\" src=\"https:\/\/rionesansilvestro.it\/wp-content\/uploads\/2025\/04\/palio-di-asti_657405.jpg\" alt=\"\" width=\"200\" height=\"124\" srcset=\"https:\/\/rionesansilvestro.it\/wp-content\/uploads\/2025\/04\/palio-di-asti_657405.jpg 662w, https:\/\/rionesansilvestro.it\/wp-content\/uploads\/2025\/04\/palio-di-asti_657405-300x186.jpg 300w\" sizes=\"(max-width: 200px) 100vw, 200px\" \/><\/figure>\r\n<\/div>\r\n<p>\r\n\r\n<\/p>\r\n<p class=\"wp-block-paragraph\">San Silvestro partecipa con orgoglio ogni anno al <strong>Palio di Asti<\/strong>, una delle corse a cavallo pi\u00f9 antiche d\u2019Italia. Negli anni ha dimostrato passione, spirito di squadra e determinazione, conquistando il cuore dei suoi sostenitori con vittorie emozionanti e una presenza scenica sempre impeccabile.<\/p>\r\n<p>\r\n\r\n<\/p>\r\n<h2 class=\"wp-block-heading\"><span style=\"color: #ff0000;\">Un Rione Vivo tutto l\u2019anno<\/span><\/h2>\r\n<p>\r\n\r\n<\/p>\r\n<p class=\"wp-block-paragraph\">Oltre al Palio, il Rione \u00e8 un punto di riferimento culturale e sociale per la citt\u00e0: organizza eventi, mostre, iniziative solidali e attivit\u00e0 per tutte le et\u00e0. Tra le pi\u00f9 recenti, il \u201c<strong>Natale Oro-Argento<\/strong>\u201d, corsi per artieri e mostre storiche che valorizzano l\u2019arte e la memoria locale.<\/p>\r\n<p>\r\n\r\n<\/p>\r\n<h2 class=\"wp-block-heading\"><span style=\"font-family: brave; color: #ff0000;\">Tradizione che guarda al futuro<\/span><\/h2>\r\n<p>\r\n\r\n<\/p>\r\n<p class=\"wp-block-paragraph\">Il Rione San Silvestro \u00e8 un esempio virtuoso di come si possa custodire la tradizione senza rinunciare all\u2019innovazione, coinvolgendo giovani, famiglie e istituzioni in un progetto identitario che continua a scrivere la sua storia, giorno dopo giorno.<\/p>\r\n<p><\/p>","protected":false},"excerpt":{"rendered":"<p>Ultimi articoli pubblicati nella sezione NEWS: Oro e Argento. Tradizione, Nobilt\u00e0, Passione. Il Rione San Silvestro \u00e8 uno dei pi\u00f9 antichi e prestigiosi rioni della citt\u00e0 di Asti, protagonista indiscusso del Palio e custode di un\u2019eredit\u00e0 storica millenaria. Situato nel cuore del centro storico, attorno alla suggestiva chiesa di San Silvestro, il rione \u00e8 riconoscibile [&hellip;]<\/p>\n","protected":false},"author":2,"featured_media":0,"parent":0,"menu_order":0,"comment_status":"closed","ping_status":"closed","template":"","meta":{"_crdt_document":"","footnotes":""},"class_list":["post-97","page","type-page","status-publish","hentry"],"_links":{"self":[{"href":"https:\/\/rionesansilvestro.it\/index.php?rest_route=\/wp\/v2\/pages\/97","targetHints":{"allow":["GET"]}}],"collection":[{"href":"https:\/\/rionesansilvestro.it\/index.php?rest_route=\/wp\/v2\/pages"}],"about":[{"href":"https:\/\/rionesansilvestro.it\/index.php?rest_route=\/wp\/v2\/types\/page"}],"author":[{"embeddable":true,"href":"https:\/\/rionesansilvestro.it\/index.php?rest_route=\/wp\/v2\/users\/2"}],"replies":[{"embeddable":true,"href":"https:\/\/rionesansilvestro.it\/index.php?rest_route=%2Fwp%2Fv2%2Fcomments&post=97"}],"version-history":[{"count":51,"href":"https:\/\/rionesansilvestro.it\/index.php?rest_route=\/wp\/v2\/pages\/97\/revisions"}],"predecessor-version":[{"id":569,"href":"https:\/\/rionesansilvestro.it\/index.php?rest_route=\/wp\/v2\/pages\/97\/revisions\/569"}],"wp:attachment":[{"href":"https:\/\/rionesansilvestro.it\/index.php?rest_route=%2Fwp%2Fv2%2Fmedia&parent=97"}],"curies":[{"name":"wp","href":"https:\/\/api.w.org\/{rel}","templated":true}]}}