{"id":314,"date":"2025-04-17T17:09:21","date_gmt":"2025-04-17T17:09:21","guid":{"rendered":"http:\/\/rionesansilvestro.it\/?page_id=314"},"modified":"2025-04-19T13:09:56","modified_gmt":"2025-04-19T13:09:56","slug":"la-chiesa","status":"publish","type":"page","link":"https:\/\/rionesansilvestro.it\/?page_id=314","title":{"rendered":"La Chiesa"},"content":{"rendered":"\n<h1 class=\"wp-block-heading\">La Chiesa di San Silvestro di Asti<\/h1>\n\n\n<div class=\"wp-block-image\">\n<figure class=\"aligncenter size-full is-resized\"><img fetchpriority=\"high\" decoding=\"async\" width=\"408\" height=\"577\" src=\"https:\/\/rionesansilvestro.it\/wp-content\/uploads\/2025\/04\/2019-09-29.jpg\" alt=\"\" class=\"wp-image-354\" style=\"width:281px;height:auto\" srcset=\"https:\/\/rionesansilvestro.it\/wp-content\/uploads\/2025\/04\/2019-09-29.jpg 408w, https:\/\/rionesansilvestro.it\/wp-content\/uploads\/2025\/04\/2019-09-29-212x300.jpg 212w\" sizes=\"(max-width: 408px) 100vw, 408px\" \/><\/figure>\n<\/div>\n\n\n<h2 class=\"wp-block-heading\">Un gioiello di spiritualit\u00e0 e storia nel cuore del rione pi\u00f9 antico della citt\u00e0<\/h2>\n\n\n\n<p class=\"wp-block-paragraph\">La chiesa di San Silvestro sorge nel centro storico di Asti, nell\u2019antico recinto dei nobili, a non molta distanza dal Castelvecchio (propriet\u00e0 dei vescovi, che dominava dall\u2019alto la citt\u00e0) e dagli edifici dei monaci cistercensi.<br>Non si hanno informazioni precise sull\u2019epoca di costruzione della prima chiesa, anche se in alcuni documenti viene fatta risalire al V secolo, ai tempi di sant\u2019Ambrogio. \u00c8 citata poi nell\u2019atto con cui Dodone e suo figlio Oddone di Ferrere, il 16 novembre 1142, fecero dedizione al Comune di Asti della quarta parte che a loro spettava sul castello di Ferrere, documento redatto dal notaio Eustacchio che indic\u00f2: \u00abin Aste civitate iuxta ecclesiam sancti Sylvestri\u00bb.<br>Nel Registro della diocesi di Asti del 1345, la parrocchia di San Silvestro compare subito dopo la collegiata di Sant\u2019Aniano e prima delle chiese di San Sisto e San Pietro de Strata, gi\u00e0 esistenti nell\u2019886, fatto che ne avvalora l\u2019antichit\u00e0, certamente anteriore al XII secolo. In questo registro viene riportata la ricca rendita della chiesa, che ammontava a 40 lire, superiore, quindi, a molte chiese, fatta eccezione per la Cattedrale, San Secondo e San Martino.&nbsp;<\/p>\n\n\n<div class=\"wp-block-image\">\n<figure class=\"alignright size-full is-resized\"><img decoding=\"async\" width=\"500\" height=\"625\" src=\"https:\/\/rionesansilvestro.it\/wp-content\/uploads\/2025\/04\/img_1217-o.jpg\" alt=\"\" class=\"wp-image-380\" style=\"width:327px;height:auto\" srcset=\"https:\/\/rionesansilvestro.it\/wp-content\/uploads\/2025\/04\/img_1217-o.jpg 500w, https:\/\/rionesansilvestro.it\/wp-content\/uploads\/2025\/04\/img_1217-o-240x300.jpg 240w\" sizes=\"(max-width: 500px) 100vw, 500px\" \/><figcaption class=\"wp-element-caption\">Papa Urbano II 1040 -1099<\/figcaption><\/figure>\n<\/div>\n\n\n<p class=\"wp-block-paragraph\">Una tradizione riferisce che la chiesa sia stata consacrata da papa Urbano II nel 1096, al suo passaggio in Asti di ritorno da Clermont-Ferrand, nell\u2019occasione in cui consacr\u00f2 anche la Cattedrale. In memoria di questa tradizione, il prevosto di San Silvestro, don Pietro Berta, nella demolizione dell\u2019antica chiesa da lui ordinata nel 1868, conserv\u00f2 una parte del vecchio muro in cui era dipinta una croce consacrata e sotto vi fece scrivere: \u00abUrbanus II &#8211; Pont. Max. &#8211; anno 1096\u00bb (nella seconda cappella a destra entrando, dedicata a San Francesco da Paola).Nel 1580 l\u2019edificio minacciava rovina e venne riedificato il prima possibile in sobrie forme, a totale spesa del rettore don Andrea Guaita, senza l\u2019aiuto dei parrocchiani. La chiesa che, secondo la visita apostolica di mons. Peruzzi, fu consacrata il 28 ottobre 1584, era di piccole dimensioni, a tre navate con unico altare, decentemente ornato con tutto il necessario. Mons. Peruzzi segnala, inoltre, il cimitero che era davanti alla porta della stessa chiesa, ritenendo che non si potesse chiudere perch\u00e9 attraverso ad esso transitavano i fedeli per entrare in chiesa.<\/p>\n\n\n<style>.wp-block-kadence-advancedheading.kt-adv-heading314_32b742-a5, .wp-block-kadence-advancedheading.kt-adv-heading314_32b742-a5[data-kb-block=\"kb-adv-heading314_32b742-a5\"]{font-style:normal;}.wp-block-kadence-advancedheading.kt-adv-heading314_32b742-a5 mark.kt-highlight, .wp-block-kadence-advancedheading.kt-adv-heading314_32b742-a5[data-kb-block=\"kb-adv-heading314_32b742-a5\"] mark.kt-highlight{font-style:normal;color:#f76a0c;-webkit-box-decoration-break:clone;box-decoration-break:clone;padding-top:0px;padding-right:0px;padding-bottom:0px;padding-left:0px;}<\/style>\n<p class=\"kt-adv-heading314_32b742-a5 wp-block-kadence-advancedheading\" data-kb-block=\"kb-adv-heading314_32b742-a5\">Nel 1583 mons. Della Rovere aggregava a San Silvestro la parrocchia di San Maurizio. Nel 1602 il vescovo Ajazza concesse questa chiesa ai Padri Barnabiti, che ne tennero il possesso fino al 17 febbraio 1606, quando, con l\u2019aiuto di Carlo Emanuele I, ottennero la prepositura di San Martino per rinuncia a loro favore fatta dal canonico preposto don Giulio Penna. Questi ebbe, in cambio, San Silvestro, con un\u2019annua pensione da parte dei Barnabiti, e mantenne l\u2019almuzia (antico distintivo dei canonici) con il titolo di prevosto, che pass\u00f2 anche ai successori.<\/p>\n\n\n<style>.wp-block-kadence-advancedheading.kt-adv-heading314_b20468-2d, .wp-block-kadence-advancedheading.kt-adv-heading314_b20468-2d[data-kb-block=\"kb-adv-heading314_b20468-2d\"]{font-style:normal;}.wp-block-kadence-advancedheading.kt-adv-heading314_b20468-2d mark.kt-highlight, .wp-block-kadence-advancedheading.kt-adv-heading314_b20468-2d[data-kb-block=\"kb-adv-heading314_b20468-2d\"] mark.kt-highlight{font-style:normal;color:#f76a0c;-webkit-box-decoration-break:clone;box-decoration-break:clone;padding-top:0px;padding-right:0px;padding-bottom:0px;padding-left:0px;}<\/style>\n<p class=\"kt-adv-heading314_b20468-2d wp-block-kadence-advancedheading\" data-kb-block=\"kb-adv-heading314_b20468-2d\">Secondo la visita pastorale Broglia del 1625, la chiesa possedeva, oltre all\u2019altare maggiore, un secondo altare dedicato alla Beata Vergine Maria \u00abcum Icona mirabili\u00bb, descrizione confermata nelle successive quattro visite pastorali fino al 1728.<\/p>\n\n\n<style>.wp-block-kadence-advancedheading.kt-adv-heading314_6ae76e-3f, .wp-block-kadence-advancedheading.kt-adv-heading314_6ae76e-3f[data-kb-block=\"kb-adv-heading314_6ae76e-3f\"]{font-style:normal;}.wp-block-kadence-advancedheading.kt-adv-heading314_6ae76e-3f mark.kt-highlight, .wp-block-kadence-advancedheading.kt-adv-heading314_6ae76e-3f[data-kb-block=\"kb-adv-heading314_6ae76e-3f\"] mark.kt-highlight{font-style:normal;color:#f76a0c;-webkit-box-decoration-break:clone;box-decoration-break:clone;padding-top:0px;padding-right:0px;padding-bottom:0px;padding-left:0px;}<\/style>\n<p class=\"kt-adv-heading314_6ae76e-3f wp-block-kadence-advancedheading\" data-kb-block=\"kb-adv-heading314_6ae76e-3f\">Nel 1580 l\u2019edificio minacciava rovina e venne riedificato il prima possibile in sobrie forme, a totale spesa del rettore don Andrea Guaita, senza l\u2019aiuto dei parrocchiani. La chiesa che, secondo la visita apostolica di mons. Peruzzi, fu consacrata il 28 ottobre 1584, era di piccole dimensioni, a tre navate con unico altare, decentemente ornato con tutto il necessario. Mons. Peruzzi segnala, inoltre, il cimitero che era davanti alla porta della stessa chiesa, ritenendo che non si potesse chiudere perch\u00e9 attraverso ad esso transitavano i fedeli per entrare in chiesa.<\/p>\n\n\n<div class=\"wp-block-image\">\n<figure class=\"alignleft size-full is-resized\"><img decoding=\"async\" width=\"220\" height=\"244\" src=\"https:\/\/rionesansilvestro.it\/wp-content\/uploads\/2025\/04\/San_Silvestro_Incisa.jpg\" alt=\"\" class=\"wp-image-376\" style=\"width:319px;height:auto\"\/><figcaption class=\"wp-element-caption\">Disegno di Stefano Incisa 1806<\/figcaption><\/figure>\n<\/div>\n\n<style>.wp-block-kadence-advancedheading.kt-adv-heading314_d89924-ce, .wp-block-kadence-advancedheading.kt-adv-heading314_d89924-ce[data-kb-block=\"kb-adv-heading314_d89924-ce\"]{font-style:normal;}.wp-block-kadence-advancedheading.kt-adv-heading314_d89924-ce mark.kt-highlight, .wp-block-kadence-advancedheading.kt-adv-heading314_d89924-ce[data-kb-block=\"kb-adv-heading314_d89924-ce\"] mark.kt-highlight{font-style:normal;color:#f76a0c;-webkit-box-decoration-break:clone;box-decoration-break:clone;padding-top:0px;padding-right:0px;padding-bottom:0px;padding-left:0px;}<\/style>\n<p class=\"kt-adv-heading314_d89924-ce wp-block-kadence-advancedheading\" data-kb-block=\"kb-adv-heading314_d89924-ce\">Nel 1583 mons. Della Rovere aggregava a San Silvestro la parrocchia di San Maurizio. Nel 1602 il vescovo Ajazza concesse questa chiesa ai Padri Barnabiti, che ne tennero il possesso fino al 17 febbraio 1606, quando, con l\u2019aiuto di Carlo Emanuele I, ottennero la prepositura di San Martino per rinuncia a loro favore fatta dal canonico preposto don Giulio Penna. Questi ebbe, in cambio, San Silvestro, con un\u2019annua pensione da parte dei Barnabiti, e mantenne l\u2019almuzia (antico distintivo dei canonici) con il titolo di prevosto, che pass\u00f2 anche ai successori.<\/p>\n\n\n<style>.wp-block-kadence-advancedheading.kt-adv-heading314_18ff21-04, .wp-block-kadence-advancedheading.kt-adv-heading314_18ff21-04[data-kb-block=\"kb-adv-heading314_18ff21-04\"]{font-style:normal;}.wp-block-kadence-advancedheading.kt-adv-heading314_18ff21-04 mark.kt-highlight, .wp-block-kadence-advancedheading.kt-adv-heading314_18ff21-04[data-kb-block=\"kb-adv-heading314_18ff21-04\"] mark.kt-highlight{font-style:normal;color:#f76a0c;-webkit-box-decoration-break:clone;box-decoration-break:clone;padding-top:0px;padding-right:0px;padding-bottom:0px;padding-left:0px;}<\/style>\n<p class=\"kt-adv-heading314_18ff21-04 wp-block-kadence-advancedheading\" data-kb-block=\"kb-adv-heading314_18ff21-04\">Secondo la visita pastorale Broglia del 1625, la chiesa possedeva, oltre all\u2019altare maggiore, un secondo altare dedicato alla Beata Vergine Maria \u00abcum Icona mirabili\u00bb, descrizione confermata nelle successive quattro visite pastorali fino al 1728. Nel 1700, trovandosi la chiesa nuovamente in condizioni precarie, benefici\u00f2 della generosit\u00e0 di Mons. Milliavacca, che le leg\u00f2, a suo favore, nel proprio testamento, 2000 lire per riparazioni e restauri.<\/p>\n\n\n<style>.wp-block-kadence-advancedheading.kt-adv-heading314_306e5e-73, .wp-block-kadence-advancedheading.kt-adv-heading314_306e5e-73[data-kb-block=\"kb-adv-heading314_306e5e-73\"]{font-style:normal;}.wp-block-kadence-advancedheading.kt-adv-heading314_306e5e-73 mark.kt-highlight, .wp-block-kadence-advancedheading.kt-adv-heading314_306e5e-73[data-kb-block=\"kb-adv-heading314_306e5e-73\"] mark.kt-highlight{font-style:normal;color:#f76a0c;-webkit-box-decoration-break:clone;box-decoration-break:clone;padding-top:0px;padding-right:0px;padding-bottom:0px;padding-left:0px;}<\/style>\n<p class=\"kt-adv-heading314_306e5e-73 wp-block-kadence-advancedheading\" data-kb-block=\"kb-adv-heading314_306e5e-73\">Nel 1717 iniziarono i lavori per cura del prevosto Giovanni Malabaila, come testimoniava l&#8217;iscrizione della facciata dell\u2019antica chiesa, ripresa nei disegni dell&#8217;Incisa e in parte riproposta nell&#8217;iscrizione attuale. Riguardo ai restauri, De Canis descriveva la chiesa come pi\u00f9 angusta della precedente. All&#8217;interno erano presenti tre altari: il maggiore, dedicato a San Silvestro; in cornu evangelii l&#8217;altare di Maria Vergine; e in cornu epistolae quello di San Francesco da Paola.<\/p>\n\n\n<div class=\"wp-block-image\">\n<figure class=\"alignleft size-full is-resized\"><img loading=\"lazy\" decoding=\"async\" width=\"120\" height=\"225\" src=\"https:\/\/rionesansilvestro.it\/wp-content\/uploads\/2025\/04\/San_Silvestro_nicchia.jpg\" alt=\"\" class=\"wp-image-377\" style=\"width:204px;height:auto\"\/><figcaption class=\"wp-element-caption\">Facciata &#8211; statuta di San Silvestro<\/figcaption><\/figure>\n<\/div>\n\n<style>.wp-block-kadence-advancedheading.kt-adv-heading314_7bdb50-d1, .wp-block-kadence-advancedheading.kt-adv-heading314_7bdb50-d1[data-kb-block=\"kb-adv-heading314_7bdb50-d1\"]{font-style:normal;}.wp-block-kadence-advancedheading.kt-adv-heading314_7bdb50-d1 mark.kt-highlight, .wp-block-kadence-advancedheading.kt-adv-heading314_7bdb50-d1[data-kb-block=\"kb-adv-heading314_7bdb50-d1\"] mark.kt-highlight{font-style:normal;color:#f76a0c;-webkit-box-decoration-break:clone;box-decoration-break:clone;padding-top:0px;padding-right:0px;padding-bottom:0px;padding-left:0px;}<\/style>\n<p class=\"kt-adv-heading314_7bdb50-d1 wp-block-kadence-advancedheading\" data-kb-block=\"kb-adv-heading314_7bdb50-d1\">La chiesa venne demolita nel 1868 perch\u00e9 considerata esigua nelle dimensioni e di scarso pregio artistico. Nello stesso anno ne fu costruita una nuova, pi\u00f9 ampia, nello stile corinzio, ad opera del prevosto Pietro Berta d&#8217;Asti. Il disegno della chiesa fu preparato dal cav. geometra Carlo Rostagno, che dovette adattarlo all&#8217;abside gi\u00e0 costruita (1864), fronteggiando la ristrettezza del luogo e le difficolt\u00e0 finanziarie. Nell&#8217;esecuzione, assente il Rostagno per malattia, il capomastro sovrappose al frontone triangolare un muro massiccio, quasi un secondo frontone, che deturp\u00f2 la facciata neoclassica della chiesa.<\/p>\n\n\n<style>.wp-block-kadence-advancedheading.kt-adv-heading314_4e1ec7-9a, .wp-block-kadence-advancedheading.kt-adv-heading314_4e1ec7-9a[data-kb-block=\"kb-adv-heading314_4e1ec7-9a\"]{font-style:normal;}.wp-block-kadence-advancedheading.kt-adv-heading314_4e1ec7-9a mark.kt-highlight, .wp-block-kadence-advancedheading.kt-adv-heading314_4e1ec7-9a[data-kb-block=\"kb-adv-heading314_4e1ec7-9a\"] mark.kt-highlight{font-style:normal;color:#f76a0c;-webkit-box-decoration-break:clone;box-decoration-break:clone;padding-top:0px;padding-right:0px;padding-bottom:0px;padding-left:0px;}<\/style>\n<p class=\"kt-adv-heading314_4e1ec7-9a wp-block-kadence-advancedheading\" data-kb-block=\"kb-adv-heading314_4e1ec7-9a\">La nuova chiesa venne benedetta nel 1870. L&#8217;esterno, di gusto neoclassico, presenta quattro colonne corinzie che reggono un ampio timpano. In due nicchie sono collocate le statue di San Giuseppe e di San Silvestro papa, con relative iscrizioni.<\/p>\n\n\n<div class=\"wp-block-image\">\n<figure class=\"alignright size-large is-resized\"><img loading=\"lazy\" decoding=\"async\" width=\"768\" height=\"1024\" src=\"https:\/\/rionesansilvestro.it\/wp-content\/uploads\/2025\/04\/Labside_di_San_Silvestro-768x1024.jpg\" alt=\"\" class=\"wp-image-370\" style=\"width:262px;height:auto\" srcset=\"https:\/\/rionesansilvestro.it\/wp-content\/uploads\/2025\/04\/Labside_di_San_Silvestro-768x1024.jpg 768w, https:\/\/rionesansilvestro.it\/wp-content\/uploads\/2025\/04\/Labside_di_San_Silvestro-225x300.jpg 225w, https:\/\/rionesansilvestro.it\/wp-content\/uploads\/2025\/04\/Labside_di_San_Silvestro-1152x1536.jpg 1152w, https:\/\/rionesansilvestro.it\/wp-content\/uploads\/2025\/04\/Labside_di_San_Silvestro-1536x2048.jpg 1536w, https:\/\/rionesansilvestro.it\/wp-content\/uploads\/2025\/04\/Labside_di_San_Silvestro-scaled.jpg 1920w\" sizes=\"(max-width: 768px) 100vw, 768px\" \/><\/figure>\n<\/div>\n\n<style>.wp-block-kadence-advancedheading.kt-adv-heading314_c9260b-78, .wp-block-kadence-advancedheading.kt-adv-heading314_c9260b-78[data-kb-block=\"kb-adv-heading314_c9260b-78\"]{font-style:normal;}.wp-block-kadence-advancedheading.kt-adv-heading314_c9260b-78 mark.kt-highlight, .wp-block-kadence-advancedheading.kt-adv-heading314_c9260b-78[data-kb-block=\"kb-adv-heading314_c9260b-78\"] mark.kt-highlight{font-style:normal;color:#f76a0c;-webkit-box-decoration-break:clone;box-decoration-break:clone;padding-top:0px;padding-right:0px;padding-bottom:0px;padding-left:0px;}<\/style>\n<p class=\"kt-adv-heading314_c9260b-78 wp-block-kadence-advancedheading\" data-kb-block=\"kb-adv-heading314_c9260b-78\">Nella volta dell&#8217;abside si vede raffigurato Sant&#8217;Agostino in atto di battezzare i catecumeni e, nella volta centrale, la Gloria del Paradiso. Sono copia, ad opera del pittore Maurizio Novelli di Serravalle, di due famosi affreschi eseguiti dall&#8217;Aliberti, datati tra il 1712-14 e il 1726: il primo nella volta del coro di Sant&#8217;Agostino, e il secondo nella chiesa del Ges\u00f9, Opera Pia Michelerio.<\/p>\n\n\n<style>.wp-block-kadence-advancedheading.kt-adv-heading314_925f3b-82, .wp-block-kadence-advancedheading.kt-adv-heading314_925f3b-82[data-kb-block=\"kb-adv-heading314_925f3b-82\"]{font-style:normal;}.wp-block-kadence-advancedheading.kt-adv-heading314_925f3b-82 mark.kt-highlight, .wp-block-kadence-advancedheading.kt-adv-heading314_925f3b-82[data-kb-block=\"kb-adv-heading314_925f3b-82\"] mark.kt-highlight{font-style:normal;color:#f76a0c;-webkit-box-decoration-break:clone;box-decoration-break:clone;padding-top:0px;padding-right:0px;padding-bottom:0px;padding-left:0px;}<\/style>\n<p class=\"kt-adv-heading314_925f3b-82 wp-block-kadence-advancedheading\" data-kb-block=\"kb-adv-heading314_925f3b-82\">L&#8217;altare maggiore e le balaustre, in marmo nero di stile barocco, e le due magnifiche portiere, ornate di teste d&#8217;angeli, appartenevano alla chiesa dell&#8217;Annunziata, di piazza Catena, gi\u00e0 propria delle Canonichesse Lateranensi. I quadri della Madonna delle Grazie e di San Francesco da Paola sono opere di Michelangelo Pittatore, da datarsi intorno al 1879, forse frutto di una contemporanea committenza.<\/p>\n\n\n\n<div class=\"wp-block-group is-nowrap is-layout-flex wp-container-core-group-is-layout-8f761849 wp-block-group-is-layout-flex\">\n<figure class=\"wp-block-image size-full\"><img loading=\"lazy\" decoding=\"async\" width=\"560\" height=\"663\" src=\"https:\/\/rionesansilvestro.it\/wp-content\/uploads\/2025\/04\/Pittatore_s_Zita.jpg\" alt=\"\" class=\"wp-image-371\" srcset=\"https:\/\/rionesansilvestro.it\/wp-content\/uploads\/2025\/04\/Pittatore_s_Zita.jpg 560w, https:\/\/rionesansilvestro.it\/wp-content\/uploads\/2025\/04\/Pittatore_s_Zita-253x300.jpg 253w\" sizes=\"(max-width: 560px) 100vw, 560px\" \/><figcaption class=\"wp-element-caption\">Michelangelo Pittatore &#8211; Santa Zita 1873\/1880<\/figcaption><\/figure>\n\n\n<style>.wp-block-kadence-advancedheading.kt-adv-heading314_362110-63, .wp-block-kadence-advancedheading.kt-adv-heading314_362110-63[data-kb-block=\"kb-adv-heading314_362110-63\"]{font-style:normal;}.wp-block-kadence-advancedheading.kt-adv-heading314_362110-63 mark.kt-highlight, .wp-block-kadence-advancedheading.kt-adv-heading314_362110-63[data-kb-block=\"kb-adv-heading314_362110-63\"] mark.kt-highlight{font-style:normal;color:#f76a0c;-webkit-box-decoration-break:clone;box-decoration-break:clone;padding-top:0px;padding-right:0px;padding-bottom:0px;padding-left:0px;}<\/style>\n<p class=\"kt-adv-heading314_362110-63 wp-block-kadence-advancedheading\" data-kb-block=\"kb-adv-heading314_362110-63\">Al prevosto Berta si deve l&#8217;erezione, nel 1881, della compagnia delle lavoratrici domestiche, favorita di indulgenza plenaria dal papa Leone XIII, sotto il patronato di Santa Zita (opera di Michelangelo Pittatore). Don Secondo Gay fece erigere, nel 1885, il campanile con tre campane su disegno del cav. Rostagno; nel 1891 il coro; e nel 1898 termin\u00f2 la facciata, vi pose un cancello (non pi\u00f9 esistente) e un marciapiede.<\/p>\n<\/div>\n\n\n<style>.wp-block-kadence-advancedheading.kt-adv-heading314_e02707-1b, .wp-block-kadence-advancedheading.kt-adv-heading314_e02707-1b[data-kb-block=\"kb-adv-heading314_e02707-1b\"]{font-style:normal;}.wp-block-kadence-advancedheading.kt-adv-heading314_e02707-1b mark.kt-highlight, .wp-block-kadence-advancedheading.kt-adv-heading314_e02707-1b[data-kb-block=\"kb-adv-heading314_e02707-1b\"] mark.kt-highlight{font-style:normal;color:#f76a0c;-webkit-box-decoration-break:clone;box-decoration-break:clone;padding-top:0px;padding-right:0px;padding-bottom:0px;padding-left:0px;}<\/style>\n<p class=\"kt-adv-heading314_e02707-1b wp-block-kadence-advancedheading\" data-kb-block=\"kb-adv-heading314_e02707-1b\">Nel 1903 don Gay costru\u00ec la cappella del Sacro Cuore, disegnata dall\u2019ing. Michele Bai, e nel 1938 acquist\u00f2 l&#8217;organo della ditta Mascioni di Varese. Nel 1936 furono collocate vetrate artistiche alle finestre, con le due grandi del coro raffiguranti San Silvestro papa e la Beata Vergine Maria Ausiliatrice.<\/p>\n\n\n\n<hr class=\"wp-block-separator has-alpha-channel-opacity\"\/>\n\n\n<style>.wp-block-kadence-advancedheading.kt-adv-heading314_a6ed64-7a, .wp-block-kadence-advancedheading.kt-adv-heading314_a6ed64-7a[data-kb-block=\"kb-adv-heading314_a6ed64-7a\"]{font-style:normal;}.wp-block-kadence-advancedheading.kt-adv-heading314_a6ed64-7a mark.kt-highlight, .wp-block-kadence-advancedheading.kt-adv-heading314_a6ed64-7a[data-kb-block=\"kb-adv-heading314_a6ed64-7a\"] mark.kt-highlight{font-style:normal;color:#f76a0c;-webkit-box-decoration-break:clone;box-decoration-break:clone;padding-top:0px;padding-right:0px;padding-bottom:0px;padding-left:0px;}<\/style>\n<p class=\"kt-adv-heading314_a6ed64-7a wp-block-kadence-advancedheading\" data-kb-block=\"kb-adv-heading314_a6ed64-7a\">Bibliografia: Tra Gotico e Neogotico &#8211; Le chiese parrocchiali astigiane &#8211; Banca d&#8217;Asti e Fondazione <\/p>\n","protected":false},"excerpt":{"rendered":"<p>La Chiesa di San Silvestro di Asti Un gioiello di spiritualit\u00e0 e storia nel cuore del rione pi\u00f9 antico della citt\u00e0 La chiesa di San Silvestro sorge nel centro storico di Asti, nell\u2019antico recinto dei nobili, a non molta distanza dal Castelvecchio (propriet\u00e0 dei vescovi, che dominava dall\u2019alto la citt\u00e0) e dagli edifici dei monaci [&hellip;]<\/p>\n","protected":false},"author":2,"featured_media":0,"parent":0,"menu_order":0,"comment_status":"closed","ping_status":"closed","template":"","meta":{"_crdt_document":"","footnotes":""},"class_list":["post-314","page","type-page","status-publish","hentry"],"_links":{"self":[{"href":"https:\/\/rionesansilvestro.it\/index.php?rest_route=\/wp\/v2\/pages\/314","targetHints":{"allow":["GET"]}}],"collection":[{"href":"https:\/\/rionesansilvestro.it\/index.php?rest_route=\/wp\/v2\/pages"}],"about":[{"href":"https:\/\/rionesansilvestro.it\/index.php?rest_route=\/wp\/v2\/types\/page"}],"author":[{"embeddable":true,"href":"https:\/\/rionesansilvestro.it\/index.php?rest_route=\/wp\/v2\/users\/2"}],"replies":[{"embeddable":true,"href":"https:\/\/rionesansilvestro.it\/index.php?rest_route=%2Fwp%2Fv2%2Fcomments&post=314"}],"version-history":[{"count":15,"href":"https:\/\/rionesansilvestro.it\/index.php?rest_route=\/wp\/v2\/pages\/314\/revisions"}],"predecessor-version":[{"id":386,"href":"https:\/\/rionesansilvestro.it\/index.php?rest_route=\/wp\/v2\/pages\/314\/revisions\/386"}],"wp:attachment":[{"href":"https:\/\/rionesansilvestro.it\/index.php?rest_route=%2Fwp%2Fv2%2Fmedia&parent=314"}],"curies":[{"name":"wp","href":"https:\/\/api.w.org\/{rel}","templated":true}]}}